*q + 85. Calculate g(-5).
-5
Let h(j) = j**3 - 19*j**2 + 46*j + 20. Give h(15).
-190
Let t(g) = 8*g**2 - 564*g + 2139. Determine t(4).
11
Let m(q) = 91*q + 3555. What is m(-39)?
6
Let w(b) = -34*b - 578. Calculate w(-17).
0
Let w(u) = -2*u**3 - 49*u**2 - 61*u + 181. Determine w(-23).
-3
Let a(j) = -j**2 - 32*j - 155. Determine a(-28).
-43
Let f(h) = h**2 + 21*h - 311. Calculate f(-31).
-1
Let b(t) = -275*t + 6580. Determine b(24).
-20
Let q(d) = -d**3 - 10*d**2 - 21*d + 28. Give q(-6).
10
Let z(l) = -5*l**2 - 79*l - 309. Determine z(-4).
-73
Let w(z) = -z**3 + 48*z**2 + 98*z - 2. What is w(-2)?
2
Let p(u) = 2249*u - 391332. Determine p(174).
-6
Let j(a) = a**2 + 55*a + 371. Determine j(-7).
35
Let a(v) = -3*v**3 + 15*v**2 + 2*v + 5. Determine a(5).
15
Let z(w) = -6*w**3 - 193*w**2 - 25*w + 231. Calculate z(-32).
7
Let c(r) = -r**3 - r**2 + 16*r - 12. Calculate c(3).
0
Let k(s) = 4*s**2 - 8*s - 22. Determine k(5).
38
Let w(m) = m**2 - 5*m - 5. Determine w(6).
1
Let t(n) = -n**2 - 11*n - 27. Determine t(-5).
3
Let s(p) = -4588*p - 50452. Determine s(-11).
16
Let f(s) = -s**2 - 25*s + 171. Calculate f(-28).
87
Let n(i) = -i**3 - 8*i**2 - 110*i - 475. Determine n(-5).
0
Let i(p) = 8*p**2 + 6*p - 38. Determine i(4).
114
Let z(h) = -2*h**3 + 82*h**2 - h + 97. Calculate z(41).
56
Let s(z) = -z**3 + 61*z**2 + 194*z + 82. Give s(64).
210
Let n(k) = -15*k - 1155. Calculate n(-77).
0
Let r(o) = 37*o - 639. Calculate r(18).
27
Let n(j) = -3*j**2 - 44*j - 156. Give n(-8).
4
Let o(b) = 617*b - 20367. Give o(33).
-6
Let c(a) = 11*a**3 + 78*a**2 + 9*a + 8. Calculate c(-7).
-6
Let u(n) = n**3 + 51*n**2 + 43*n - 278. Calculate u(-50).
72
Let l(g) = g**3 - 18*g**2 + 61*g + 5. Give l(5).
-15
Let m(g) = -2*g**2 - 31*g - 77. Determine m(-14).
-35
Let u(w) = 22*w - 369. Give u(18).
27
Let l(m) = m**2 + 129*m - 9404. Give l(52).
8
Let w(o) = 100*o - 737. Calculate w(7).
-37
Let l(g) = -g**3 + 23*g - 1. Give l(7).
-183
Let k(c) = 2505*c + 40081. What is k(-16)?
1
Let j(b) = -23*b**3 + 15. What is j(3)?
-606
Let x(a) = a**3 + 39*a**2 - 269*a - 10. Give x(-45).
-55
Let s(p) = -2*p**3 + 135*p**2 - 195*p - 168. Determine s(66).
30
Let l(j) = -25*j + 644. Give l(25).
19
Let w(u) = -1634*u - 24413. What is w(-15)?
97
Let b(i) = -2*i**2 + i + 33. Calculate b(7).
-58
Let t(c) = 516*c + 510. Give t(-1).
-6
Let w(n) = n - 35. What is w(58)?
23
Let r(i) = 2*i**2 - i - 2353. Determine r(-34).
-7
Let o(i) = -3*i**2 + 87*i - 239. Determine o(26).
-5
Let a(b) = -3*b**2 - 37*b - 19. Determine a(-14).
-89
Let m(w) = 22*w + 633. What is m(-32)?
-71
Let a(z) = z**2 - 23*z - 17967. Give a(146).
-9
Let y(v) = -17*v**2 - 161*v - 397. What is y(-5)?
-17
Let y(u) = 15288*u - 198743. Give y(13).
1
Let t(v) = -v**3 - 31*v**2 - 22*v + 4. What is t(-30)?
-236
Let c(z) = -9*z**3 + 2*z**2 - 6*z - 9. What is c(-2)?
83
Let t(b) = -596*b - 4213. Give t(-7).
-41
Let h(m) = -20*m**2 - m + 2. Calculate h(-1).
-17
Let s(d) = 452*d + 157759. What is s(-349)?
11
Let t(k) = k**3 - 5*k**2 - 38*k + 27. Give t(9).
9
Let b(f) = 384*f + 2283. What is b(-6)?
-21
Let k(w) = -3*w**3 + w**2 + 20*w - 64. Calculate k(3).
-76
Let r(k) = -55*k - 1118. Give r(-29).
477
Let v(u) = -u**3 + u**2 + 45*u - 8. Determine v(-7).
69
Let z(c) = -c**3 - 25*c**2 - 152*c - 24. What is z(-15)?
6
Let j(o) = -114*o - 3423. Calculate j(-31).
111
Let v(h) = -6*h**2 - 5*h - 13. Give v(-2).
-27
Let x(f) = 8*f**2 - 14*f - 15. Calculate x(-1).
7
Let i(a) = a + 275. Determine i(65).
340
Let t(j) = 2*j**3 + 54*j**2 - 646*j + 91. Give t(-36).
19
Let v(w) = -w**2 + 5975*w - 29863. Give v(5).
-13
Let a(r) = 3*r**2 + 14650*r - 14650. Give a(1).
3
Let u(p) = 21*p + 43. Determine u(-9).
-146
Let n(r) = 2*r**3 - 29*r**2 + 22*r - 1135. Calculate n(16).
-15
Let z(i) = -18*i + 623. Calculate z(34).
11
Let w(z) = z**3 - 15*z**2 + 2*z - 282. Calculate w(16).
6
Let h(v) = 20974*v + 125853. What is h(-6)?
9
Let z(l) = -1106*l - 2206. What is z(-2)?
6
Let m(c) = -c**3 + 59*c**2 + 285*c - 16821. Calculate m(59).
-6
Let v(f) = 23*f**3 - 48*f**2 - 17*f + 36. Determine v(2).
-6
Let t(s) = -114*s - 2167. What is t(-19)?
-1
Let k(n) = -2*n**2 - 56*n - 179. What is k(-25)?
-29
Let j(k) = k**3 - 22*k**2 - 48*k - 3. Calculate j(24).
-3
Let b(g) = g**2 - 233*g + 2451. Calculate b(11).
9
Let w(z) = 72*z - 87. What is w(1)?
-15
Let x(r) = r**2 + 72*r + 832. Determine x(-58).
20
Let a(k) = -33*k + 664. What is a(18)?
70
Let f(g) = -g**3 + 3*g**2 + 202*g + 71. Calculate f(-13).
149
Let q(c) = -3*c**3 + 141*c**2 + 319*c - 8394. Calculate q(48).
6
Let r(t) = 125*t + 153. Give r(-1).
28
Let t(h) = -2*h**3 + 16*h**2 - 20*h - 11. Calculate t(0).
-11
Let h(d) = d**3 - 12*d**2 + 35*d - 2. Determine h(8).
22
Let h(j) = j**3 + 5*j**2 - 198*j + 101. What is h(-17)?
-1
Let w(c) = c**3 + 2*c**2 + 8*c + 45. Determine w(0).
45
Let h(r) = -r**3 - 45*r**2 - 222*r + 475. Determine h(-39).
7
Let n(q) = -35*q**2 - 6*q + 2. What is n(-3)?
-295
Let s(v) = v**3 - 73*v**2 + 631*v - 52. Give s(63).
11
Let u(l) = 89*l - 161. Determine u(2).
17
Let b(m) = m**2 + 30*m - 101. Give b(3).
-2
Let j(g) = -g**2 - 98*g + 2629. What is j(-120)?
-11
Let k(b) = -b**3 - 28*b**2 - 77*b - 33. Give k(-25).
17
Let k(c) = 3*c**3 - 34*c**2 - 15*c - 13. What is k(12)?
95
Let k(y) = y**2 - 287*y + 1416. Determine k(5).
6
Let x(a) = 4578*a - 41212. Calculate x(9).
-10
Let u(y) = 398*y - 3598. What is u(9)?
-16
Let l(n) = -54*n + 11. Calculate l(-2).
119
Let z(b) = b**3 - 63*b**2 - 13*b + 370. What is z(63)?
-449
Let g(m) = -m**3 + 68*m - 35. Give g(-13).
1278
Let n(x) = x**3 - 8*x**2 - 3*x + 19. Calculate n(4).
-57
Let m(h) = -47*h + 12. Determine m(-11).
529
Let u(p) = -40*p**2 + 402*p - 11. Give u(10).
9
Let z(y) = 21*y**2 - 19*y - 22. Give z(-2).
100
Let n(f) = -4*f**3 + 28*f**2 - 48*f + 3. Determine n(4).
3
Let b(t) = -222*t + 26316. Determine b(119).
-102
Let z(h) = -h**3 + 46*h**2 - 407*h + 8283. Give z(41).
1
Let c(g) = -77*g - 1529. Give c(-11).
-682
Let h(k) = 31*k**2 + 22*k - 106. What is h(5)?
779
Let k(u) = -197*u - 18712. Calculate k(-95).
3
Let z(a) = -2*a**2 + 3*a + 175. Determine z(-11).
-100
Let s(q) = -20*q + 96. What is s(5)?
-4
Let v(l) = 21*l + 289. Determine v(-15).
-26
Let k(n) = n**3 + 9*n**2 - 7*n - 29. Calculate k(-10).
-59
Let h(n) = -2*n**3 - 283*n**2 + 143*n + 131. Calculate h(-142).
-11
Let l(i) = i**2 + 239*i + 6112. What is l(-29)?
22
Let l(v) = 402*v - 2769. What is l(7)?
45
Let v(u) = u**3 - 11*u**2 - 41*u + 54. What is v(14)?
68
Let b(o) = -3*o**3 + 6*o**2 - 7*o - 4. Calculate b(3).
-52
Let k(y) = y**3 + 50*y**2 + 569*y - 130. What is k(-18)?
-4
Let a(p) = p**2 + 6*p - 2. Calculate a(6).
70
Let i(s) = -545*s + 536. Determine i(1).
-9
Let x(k) = -5*k + 23. Calculate x(25).
-102
Let h(n) = -3*n**3 - 20*n**2 + 5*n + 29. What is h(-7)?
43
Let h(f) = f**2 - 12*f + 69. Give h(6).
33
Let f(i) = -7*i**2 + 23*i + 937. Give f(-10).
7
Let b(c) = -c**3 - 20*c**2 - 56*c - 721. Calculate b(-19).
-18
Let n(u) = 106*u + 1549. Determine n(-11).
383
Let g(f) = -27387*f + 246486. Determine g(9).
3
Let s(w) = -55*w**2 - 604*w - 604. What is s(-1)?
-55
Let t(o) = -26*o - 472. Determine t(0).
-472
Let z(t) = -6*t**2 - 129*t + 1187. Determine z(8).
-229
Let p(r) = r**2 - 9*r - 97. Calculate p(-7).
15
Let k(s) = -3*s**2 + 422*s + 851. Calculate k(-2).
-5
Let v(h) = -4*h**3 + 8*h**2 + 24*h - 54. Calculate v(3).
-18
Let y(o) = -o**3 - 9*o**2 - 20*o + 2. What is y(-7)?
44
Let w(u) = 3*u**3 + 83*u**2 - 32*u + 63. Determine w(-28).
175
Let w(u) = u**2 - 33*u + 469. Determine w(28).
329
Let u(p) = -p**3 + 21*p**2 + 45*p - 106. What is u(23)?
-129
Let u(c) = -20*c**2 - 10*c - 8. Calculate u(-1).
-18
Let p(u) = -3*u**3 - 248*u**2 + 1982*u + 181. Give p(-90).
1
Let m(l) = -3*l**3 - 8*l**2 + 16*l - 15. Give m(-6).
249
Let q(r) = r**2 - 5617*r - 28119. What is q(-5)?
-9
Let f(u) = -u**2 - 38*u - 388. Give f(-20).
-28
Let y(v) = -33*v**2 - 724*v - 2354. Determine y(-4).
14
Let d(c) = c**3 - 15*c**2 + 44*c - 20. Determine d(8).
-116
Let i(k) = k + 69. Determine i(-53).
16
Let c(q) = -8*q**3 + 70*q**2 + 7*q + 104. What is c(9)?
5
Let b(r) = 9*r - 92. Give b(11).
7
Let n(p) = -63*p + 705. Give n(7).
264
Let k(h) = -11*h**2 - 158*h - 25. Determine k(-14).
31
Let d(v) = 66*v**2 + 6*v - 6. Calculate d(1).
66
Let u(m) = m